
Let n(z) = -z - 23. Determine n(9).
-32
Let w(l) = -l**3 - 7*l**2 + 4*l + 15. Give w(-8).
47
Let s(i) = -4*i**2 - 11*i - 6. Determine s(-7).
-125
Let d(j) = -j**2 - 5*j + 34. Give d(-9).
-2
Let t(f) = -35*f - 283. What is t(-8)?
-3
Let x(b) = 16*b**3 + 3*b**2 + 3*b + 1. Give x(-2).
-121
Let n(d) = d**3 - 10*d**2 - 11*d + 15. Determine n(11).
15
Let o(l) = l**3 + 3*l**2 + l + 2. Calculate o(-2).
4
Let c(f) = -f**2 + 6*f - 1. Determine c(7).
-8
Let g(j) = 2*j**2 + 11*j + 7. Calculate g(-7).
28
Let f(o) = 28*o**2 - 4*o + 3. What is f(1)?
27
Let z(b) = -50*b**3 - 3*b + 3. Determine z(1).
-50
Let q(x) = 53*x + 118. Give q(-2).
12
Let q(z) = z**2 - 5*z - 8. What is q(4)?
-12
Let g(m) = 4*m - 9. What is g(-9)?
-45
Let x(y) = -9*y - 50. Give x(-6).
4
Let y(p) = -2*p**2 + 20*p - 19. Determine y(9).
-1
Let j(h) = -8*h**2 - 6*h - 5. Calculate j(-1).
-7
Let i(d) = -4*d + 32. Give i(4).
16
Let o(s) = -s**3 - 7*s**2 - 5*s + 7. Give o(-6).
1
Let h(f) = 9*f**2 - 47*f + 6. What is h(5)?
-4
Let p(d) = -d**3 + 6*d**2 - 7*d + 6. What is p(5)?
-4
Let m(p) = p**3 + 9*p**2 - 36*p - 10. Give m(-12).
-10
Let a(b) = -b**3 + 7*b**2 - b + 16. Give a(7).
9
Let q(b) = 3*b - 15. Determine q(9).
12
Let o(y) = -3*y**3 - 51*y**2 - 47*y + 18. What is o(-16)?
2
Let j(f) = f**2 - 2*f - 7. Calculate j(5).
8
Let z(f) = f**2 + 2*f - 1. Give z(-6).
23
Let t(x) = x + 46. Give t(-33).
13
Let j(l) = 3*l + 17. What is j(-5)?
2
Let x(s) = 3*s**2 - 3*s + 2. Give x(3).
20
Let n(i) = -10*i**2 + 17*i - 2. Determine n(2).
-8
Let t(b) = -b**2 + 7*b - 5. Determine t(9).
-23
Let m(q) = -q**2 - 18*q - 2. Determine m(-18).
-2
Let v(z) = z**3 + z**2 - 10*z + 8. Determine v(4).
48
Let y(m) = -6*m - 18. Give y(5).
-48
Let q(o) = -o**3 + 39*o**2 - 74*o - 10. Calculate q(37).
-10
Let r(v) = -19*v + 58. What is r(3)?
1
Let w(z) = -23*z + 203. Give w(8).
19
Let g(o) = -o**2 - 11*o - 18. What is g(-6)?
12
Let c(y) = y**2 + 3*y - 40. Determine c(-6).
-22
Let m(g) = -g**2 - 15*g - 24. Give m(-11).
20
Let o(f) = -f - 52. What is o(-18)?
-34
Let d(z) = z**3 - z**2 - 4*z + 4. Determine d(2).
0
Let d(f) = -f**3 - 19*f**2 + 18*f - 24. Determine d(-20).
16
Let f(l) = 10*l**2 - 89*l - 1. Give f(9).
8
Let w(x) = -26*x - 2. Determine w(4).
-106
Let m(c) = 3*c**2 - 33*c + 9. Calculate m(11).
9
Let m(y) = -9*y + 189. Calculate m(20).
9
Let g(u) = -u**2 + 10*u + 1. What is g(8)?
17
Let i(j) = j**3 - 15*j**2 + 10*j - 7. Give i(14).
-63
Let h(q) = 64*q - 3. Give h(1).
61
Let j(h) = -h**2 - 3*h + 21. What is j(-7)?
-7
Let z(o) = o**3 - 4*o**2 - 3*o - 2. Calculate z(4).
-14
Let o(d) = -3*d - 18. Calculate o(-6).
0
Let l(g) = 10*g - 91. Determine l(5).
-41
Let g(p) = p - 13. Give g(5).
-8
Let o(t) = 2*t - 2. Give o(-1).
-4
Let u(s) = 2*s**2 - 1. Determine u(-1).
1
Let g(n) = 2*n**2 - 8*n + 6. Give g(4).
6
Let d(f) = f**3 + 3*f**2 + 5*f - 3. Give d(3).
66
Let z(v) = -4*v**2 - v + 3. Give z(-3).
-30
Let b(m) = -20*m + 96. Determine b(4).
16
Let t(l) = l**2 - 3*l + 6. What is t(3)?
6
Let k(u) = -u**2 + 13*u - 32. Determine k(8).
8
Let g(t) = 2*t**2 + 91*t + 51. Give g(-45).
6
Let x(w) = -w**3 + 6*w**2 + 12*w - 5. What is x(7)?
30
Let g(p) = 13*p + 16. Give g(-3).
-23
Let q(o) = -o**3 + 7*o**2 - 3*o + 1. Give q(6).
19
Let c(h) = -h - 15. Calculate c(3).
-18
Let a(s) = -2*s**3 + 19*s**2 - 11*s + 14. What is a(9)?
-4
Let v(r) = r - 10. What is v(14)?
4
Let v(y) = 60*y + 354. Calculate v(-6).
-6
Let s(u) = 2*u + 10. Give s(-8).
-6
Let w(n) = -n**2 - 16*n - 26. What is w(-11)?
29
Let p(s) = -12*s + 96. Calculate p(8).
0
Let g(k) = -k**2 - 10*k - 1. Determine g(-7).
20
Let d(j) = 8*j - 4. Calculate d(1).
4
Let u(x) = x**3 - x**2 + x + 16. Give u(0).
16
Let n(v) = 19*v - 87. Calculate n(4).
-11
Let l(j) = -2*j**3 + 8*j**2 - 7*j + 19. Give l(4).
-9
Let s(a) = a**3 + 7*a**2 + 5*a - 3. Calculate s(-6).
3
Let o(v) = 8*v**3 + 1. Determine o(-1).
-7
Let w(j) = 61*j**3 - j**2 + 9*j + 10. What is w(-1)?
-61
Let m(h) = -8*h**3 - 22*h**2 + 5*h + 7. Give m(-3).
10
Let h(k) = -k**3 + 3*k**2 + k + 8. Calculate h(4).
-4
Let o(v) = v**3 + 3*v**2 - 2*v - 8. What is o(-3)?
-2
Let d(n) = n**2 - 10*n + 16. Give d(7).
-5
Let f(a) = -8*a - 7. Calculate f(-4).
25
Let g(x) = -2*x**2 + 16*x + 22. What is g(9)?
4
Let t(v) = 26*v + 14. Calculate t(2).
66
Let q(b) = -2*b + 2. Determine q(8).
-14
Let i(p) = 13*p + 84. What is i(-4)?
32
Let u(l) = -l + 4. Give u(9).
-5
Let z(i) = 20*i - 519. Give z(26).
1
Let w(x) = -x**2 - 17*x + 17. Give w(-18).
-1
Let h(w) = w**3 - 5*w**2 + w + 1. Give h(6).
43
Let o(f) = 2*f**3 - 7*f**2 - 4*f - 4. What is o(4)?
-4
Let s(m) = m**2 + 2*m - 52. Give s(-9).
11
Let a(n) = n**3 - 36*n**2 - 37*n + 9. What is a(37)?
9
Let m(d) = -d + 2. Determine m(1).
1
Let g(f) = -f**2 - 4*f. Determine g(-5).
-5
Let h(v) = -108*v - 749. Determine h(-7).
7
Let x(q) = q**2 - 3*q. Determine x(-1).
4
Let a(v) = -2*v + 65. Determine a(0).
65
Let j(q) = 10*q - 6. Determine j(2).
14
Let h(c) = c**3 - 7*c**2 - 8*c + 3. Give h(8).
3
Let h(w) = 2*w**2 - 9*w + 1. Determine h(3).
-8
Let u(t) = -t**2 + 15*t - 21. What is u(14)?
-7
Let a(i) = -11*i - 101. Determine a(-9).
-2
Let y(p) = -8*p**3 + p + 1. Determine y(-1).
8
Let y(c) = -24*c - 1. Calculate y(-3).
71
Let c(j) = 10*j - 2. Give c(2).
18
Let m(q) = -q + 7. What is m(6)?
1
Let g(w) = w**2 + 9*w + 29. Give g(-11).
51
Let g(h) = h**3 - 5*h**2 - 3*h - 12. Give g(6).
6
Let f(p) = p**2 + 7*p - 1. Determine f(-5).
-11
Let f(u) = u**2 + 17*u - 18. Calculate f(-18).
0
Let t(l) = -l**3 - 4*l**2 + 7*l - 5. Determine t(-5).
-15
Let v(q) = -q**2 - 10*q + 11. Calculate v(-10).
11
Let b(n) = -n**3 - n**2 + n + 6. Give b(0).
6
Let f(j) = j - 4. What is f(-4)?
-8
Let g(u) = u**3 + 8*u**2 + 6*u - 13. Determine g(-7).
-6
Let l(f) = f**3 - f**2 + 3. Calculate l(3).
21
Let k(b) = 5*b**2 - 21*b + 4. What is k(4)?
0
Let c(t) = 14*t**3 + 2*t**2 + t + 1. Determine c(-1).
-12
Let v(x) = -x**2 - 6*x + 2. What is v(-6)?
2
Let m(o) = o**3 + 5*o**2 - o - 1. Determine m(-5).
4
Let k(a) = -30*a - 142. Give k(-4).
-22
Let p(o) = -8*o**2 - 3*o - 1. Give p(-2).
-27
Let m(p) = -3*p + 39. Calculate m(15).
-6
Let m(x) = 3*x + 121. Calculate m(-42).
-5
Let v(n) = -2*n**2 - 5*n - 16. What is v(-5)?
-41
Let p(l) = -3*l**2 - 27*l - 1. Calculate p(-6).
53
Let l(u) = 10*u**2 + 10*u - 18. Calculate l(4).
182
Let f(t) = 2*t - 1. What is f(4)?
7
Let j(m) = 2*m**2 - 13*m. Determine j(7).
7
Let n(x) = 3*x**2 + 19*x + 16. What is n(-9)?
88
Let p(z) = -4*z - 16. What is p(-2)?
-8
Let w(h) = -6*h + 5. Give w(5).
-25
Let x(a) = 5*a**2 + a + 2. What is x(-2)?
20
Let w(l) = -30*l + 149. What is w(7)?
-61
Let u(h) = -5*h - 54. Determine u(-10).
-4
Let m(u) = 4*u + 12. Determine m(-8).
-20
Let y(m) = 6*m**2 - 127*m + 10. Give y(21).
-11
Let u(n) = n**2 + 8*n - 12. Determine u(-9).
-3
Let m(n) = -9*n + 27. What is m(0)?
27
Let z(a) = -55*a - 111. Determine z(-2).
-1
Let b(y) = -y + 8. Give b(12).
-4
Let h(p) = p**3 - 3*p**2 - 6*p - 7. Calculate h(3).
-25
Let s(y) = y**2 - 16*y - 50. Calculate s(17).
-33
Let u(n) = n**2 - 7*n - 6. Determine u(9).
12
Let a(f) = 6*f**3 - f**2 + f. What is a(1)?
6
Let q(z) = -3*z**2 + 36*z. Give q(11).
33
Let s(r) = 2*r - 39. Determine s(0).
-39
Let u(b) = -b - 12. Give u(-10).
-2
Let z(s) = s**2 - 69*s - 704. Give z(-9).
-2
Let y(w) = -w**3 - 5*w**2 - 8*w - 6. Calculate y(-4).
10
Let m(f) = 4*f**2 + 4*f - 4. Give m(-5).
76
Let d(l) = l**2 - 5*l - 10. Give d(7).
4
Let c(o) = -o**2 - 9*o + 4. Determine c(-11).
-18
Let u(d) = d**3 + 13*d**2 + 3*d + 15. Give u(-13).
-24
Let n(d) = 3*d**2 + d + 5. Calculate n(-4).
49
Let k(b) = 2*b + 15. Give k(-6).
3
Let v(t) = -t**3 + 5*t**2 + 12*t + 7. Give v(7).
-7
Let l(j) = j - 8. Calculate l(12).
4
Let t(f) = 24*f - 2. Determine t(-1).
-26
Let n(r) = -r**3 - 5*r**2 + 4*r - 7. What is n(-6)?
5
Let l(q) = 3*q**3 + 3*q**2 - 3*q - 2. Give l(2).
28
Let a(m) = 15*m + 20. Give a(-1).
5
Let g(z) = 4*z**3. Give g(-1).
-4
Let y(z) = -2*z**2 - 11*z + 10. Determine y(-6).
4
Let o(i) = i**3 - 7*i**2 - 6*i + 12. Calculate o(6).
-60
Let f(z) = 2*z - 3. Give f(-4).
-11
Let f(w) = w**3 - 30*w**2 + 28*w + 23. Determine f(29).
-6
Let z(r) = r**3 + 8*r**2 + 5*r + 1. What is z(-7)?
15
Let q(t) = 4*t**3 - t**2 + t + 1. Calculate q(-1).
-5
Let v(q) = q**3 + 6*q**2 - 3*q. Determine v(-6).
18
Let w(d) = -2*d - 9.